{"id":737,"date":"2020-06-24T01:07:40","date_gmt":"2020-06-23T22:07:40","guid":{"rendered":"http:\/\/ismodynamics.com\/tur\/?page_id=737"},"modified":"2020-06-29T00:51:08","modified_gmt":"2020-06-28T21:51:08","slug":"servis-ve-yedek-parca","status":"publish","type":"page","link":"https:\/\/ismodynamics.com\/tur\/tr\/servis-ve-yedek-parca\/","title":{"rendered":"Servis ve Yedek Par\u00e7a"},"content":{"rendered":"<div class=\"fusion-fullwidth fullwidth-box fusion-builder-row-1 nonhundred-percent-fullwidth non-hundred-percent-height-scrolling\" style=\"--awb-border-radius-top-left:0px;--awb-border-radius-top-right:0px;--awb-border-radius-bottom-right:0px;--awb-border-radius-bottom-left:0px;--awb-flex-wrap:wrap;\" ><div class=\"fusion-builder-row fusion-row\"><div class=\"fusion-layout-column fusion_builder_column fusion-builder-column-0 fusion_builder_column_1_1 1_1 fusion-one-full fusion-column-first fusion-column-last\" style=\"--awb-bg-size:cover;\"><div class=\"fusion-column-wrapper fusion-column-has-shadow fusion-flex-column-wrapper-legacy\"><div class=\"fusion-title title fusion-title-1 fusion-title-text fusion-title-size-two\" style=\"--awb-margin-bottom:30px;--awb-margin-top-small:0px;--awb-margin-right-small:0px;--awb-margin-bottom-small:20px;--awb-margin-left-small:0px;\"><h2 class=\"fusion-title-heading title-heading-left\" style=\"margin:0;\">Servis ve Yedek Par\u00e7a<\/h2><span class=\"awb-title-spacer\"><\/span><div class=\"title-sep-container\"><div class=\"title-sep sep- sep-solid\" style=\"border-color:#3e3e3e;\"><\/div><\/div><\/div><div class=\"fusion-text fusion-text-1\"><p>ISMO i\u00e7in m\u00fc\u015fteri memnuniyeti \u00e7ok \u00f6nemlidir ve servis politikas\u0131 olarak benimsenmi\u015ftir.<br \/>\n\u00dcretti\u011fimiz \u00fcr\u00fcnler kullan\u0131m ve kullan\u0131c\u0131 hatalar\u0131 hari\u00e7, imalat ve montaj hatalar\u0131na kar\u015f\u0131 iki y\u0131l s\u00fcre ile garantilidir.<br \/>\nSat\u0131\u015f sonras\u0131 teknik destek, makine kurulumu ve e\u011fitimi , yedek par\u00e7a servisi ve m\u00fc\u015fterilerimizin ihtiya\u00e7 duyaca\u011f\u0131 t\u00fcm hizmetler, deneyimli ekibimiz taraf\u0131ndan titizlikle sa\u011flanmaktad\u0131r.<br \/>\nFirmam\u0131z\u0131n sat\u0131\u015f sonras\u0131 hizmet kalitesi ve teknik bilgi birikimi ; m\u00fc\u015fterilerimiz \u00fcr\u00fcnlerimizi tercih etme a\u015famas\u0131nda etkin olan en \u00f6nemli fakt\u00f6rlerden biridir.<br \/>\nFirmam\u0131z m\u00fc\u015fteri taleplerine ve ihtiya\u00e7lar\u0131na kar\u015f\u0131l\u0131k, sekt\u00f6rdeki deneyimiyle , kullan\u0131mda olan her tip markalama makinas\u0131 revizyonu, servis ve bak\u0131m hizmeti ile yedek par\u00e7a tedariki konusunda da destek vermektedir.<\/p>\n<\/div><div class=\"fusion-clearfix\"><\/div><\/div><\/div><\/div><\/div>\n","protected":false},"excerpt":{"rendered":"","protected":false},"author":1,"featured_media":0,"parent":0,"menu_order":0,"comment_status":"closed","ping_status":"closed","template":"","meta":{"footnotes":""},"class_list":["post-737","page","type-page","status-publish","hentry"],"_links":{"self":[{"href":"https:\/\/ismodynamics.com\/tur\/wp-json\/wp\/v2\/pages\/737","targetHints":{"allow":["GET"]}}],"collection":[{"href":"https:\/\/ismodynamics.com\/tur\/wp-json\/wp\/v2\/pages"}],"about":[{"href":"https:\/\/ismodynamics.com\/tur\/wp-json\/wp\/v2\/types\/page"}],"author":[{"embeddable":true,"href":"https:\/\/ismodynamics.com\/tur\/wp-json\/wp\/v2\/users\/1"}],"replies":[{"embeddable":true,"href":"https:\/\/ismodynamics.com\/tur\/wp-json\/wp\/v2\/comments?post=737"}],"version-history":[{"count":3,"href":"https:\/\/ismodynamics.com\/tur\/wp-json\/wp\/v2\/pages\/737\/revisions"}],"predecessor-version":[{"id":887,"href":"https:\/\/ismodynamics.com\/tur\/wp-json\/wp\/v2\/pages\/737\/revisions\/887"}],"wp:attachment":[{"href":"https:\/\/ismodynamics.com\/tur\/wp-json\/wp\/v2\/media?parent=737"}],"curies":[{"name":"wp","href":"https:\/\/api.w.org\/{rel}","templated":true}]}}

Servis ve Yedek Parça

<div class="fusion-fullwidth fullwidth-box fusion-builder-row-1 nonhundred-percent-fullwidth non-hundred-percent-height-scrolling" style="--awb-border-radius-top-left:0px;--awb-border-radius-top-right:0px;--awb-border-radius-bottom-right:0px;--awb-border-radius-bottom-left:0px;--awb-flex-wrap:wrap;" ><div class="fusion-builder-row fusion-row"><div class="fusion-layout-column fusion_builder_column fusion-builder-column-0 fusion_builder_column_1_1 1_1 fusion-one-full fusion-column-first fusion-column-last" style="--awb-bg-size:cover;"><div class="fusion-column-wrapper fusion-column-has-shadow fusion-flex-column-wrapper-legacy"><div class="fusion-title title fusion-title-1 fusion-title-text fusion-title-size-two" style="--awb-margin-bottom:30px;--awb-margin-top-small:0px;--awb-margin-right-small:0px;--awb-margin-bottom-small:20px;--awb-margin-left-small:0px;"><h2 class="fusion-title-heading title-heading-left" style="margin:0;">Servis ve Yedek Parça</h2><span class="awb-title-spacer"></span><div class="title-sep-container"><div class="title-sep sep- sep-solid" style="border-color:#3e3e3e;"></div></div></div><div class="fusion-text fusion-text-1"><p>ISMO için müşteri memnuniyeti çok önemlidir ve servis politikası olarak benimsenmiştir.<br />
Ürettiğimiz ürünler kullanım ve kullanıcı hataları hariç, imalat ve montaj hatalarına karşı iki yıl süre ile garantilidir.<br />
Satış sonrası teknik destek, makine kurulumu ve eğitimi , yedek parça servisi ve müşterilerimizin ihtiyaç duyacağı tüm hizmetler, deneyimli ekibimiz tarafından titizlikle sağlanmaktadır.<br />
Firmamızın satış sonrası hizmet kalitesi ve teknik bilgi birikimi ; müşterilerimiz ürünlerimizi tercih etme aşamasında etkin olan en önemli faktörlerden biridir.<br />
Firmamız müşteri taleplerine ve ihtiyaçlarına karşılık, sektördeki deneyimiyle , kullanımda olan her tip markalama makinası revizyonu, servis ve bakım hizmeti ile yedek parça tedariki konusunda da destek vermektedir.</p>
</div><div class="fusion-clearfix"></div></div></div></div></div>
